 - 315. Determine b(21).
0
Let k(i) = i - 97. What is k(4)?
-93
Let j(d) = 2*d**3 - 53*d**2 - 7*d - 532. Calculate j(27).
8
Let b(c) = 39*c - 798. Determine b(20).
-18
Let m(h) = 5*h**2 + 139*h - 243. Give m(-29).
-69
Let y(g) = -g**3 - 12*g**2 + 19*g + 32. What is y(-13)?
-46
Let t(d) = d**3 - 4*d**2 - 442*d + 898. Give t(2).
6
Let s(t) = t**2 - 7*t - 46. Calculate s(-5).
14
Let t(p) = p**3 - 57*p**2 + 108*p + 115. Determine t(55).
5
Let b(f) = -f**2 + 43*f + 6021. Calculate b(102).
3
Let r(v) = 26*v**2 - 284*v - 52. Give r(11).
-30
Let p(y) = 5*y**3 - 19*y**2 + 38*y - 167. Calculate p(4).
1
Let m(q) = q**3 - 9*q**2 - 5*q + 116. Give m(8).
12
Let q(a) = -a**2 + 64*a - 551. Give q(47).
248
Let i(j) = j**2 + 109*j + 2838. Determine i(-67).
24
Let z(r) = -38*r - 337. Calculate z(-22).
499
Let s(i) = i**3 - 15*i**2 + 7*i + 82. What is s(14)?
-16
Let h(l) = -62*l**2 - 2978*l - 88. What is h(-48)?
8
Let g(w) = w**3 - 28*w**2 + 86*w - 333. What is g(25)?
-58
Let b(u) = u**2 + 35*u - 121. Determine b(-44).
275
Let b(i) = -407*i - 403. Determine b(-1).
4
Let d(c) = 272*c - 22. What is d(1)?
250
Let c(r) = -2*r**3 + 194*r**2 + 2*r - 165. Give c(97).
29
Let h(p) = -p**3 - 30*p**2 + 7*p + 197. Determine h(-30).
-13
Let b(h) = 6*h - 74. What is b(30)?
106
Let k(m) = -5548*m - 5542. Determine k(-1).
6
Let r(o) = -2*o**3 - 23*o**2 - 3*o + 62. What is r(-11)?
-26
Let t(u) = 4*u**2 + 146*u - 732. Give t(-41).
6
Let n(h) = h**3 + 13*h**2 - 17*h - 236. What is n(-13)?
-15
Let s(k) = -4*k**2 - 23*k + 10. Determine s(-6).
4
Let w(s) = -9*s**2 - 345*s - 2969. Determine w(-13).
-5
Let d(t) = -8*t**2 - 38*t - 50. Give d(-3).
-8
Let c(h) = 115*h - 1176. Give c(10).
-26
Let v(b) = -5*b + 140. Calculate v(-36).
320
Let q(x) = 21*x**2 + 53*x + 356. Determine q(-6).
794
Let i(t) = 581*t**2 + 4*t + 9. What is i(-1)?
586
Let d(n) = -41*n - 107. Determine d(-3).
16
Let g(z) = 18*z + 335. Calculate g(-25).
-115
Let u(h) = -8*h**2 - 90*h + 3. Give u(-11).
25
Let y(i) = 4*i + 348. What is y(-88)?
-4
Let f(d) = -3150*d + 3187. What is f(1)?
37
Let n(c) = 311*c - 10899. Determine n(35).
-14
Let g(y) = -4*y**2 + 383*y + 1316. Determine g(99).
29
Let r(p) = -15*p**3 - 38*p + 123. Give r(3).
-396
Let q(z) = -z**2 + 150*z - 158. What is q(149)?
-9
Let u(j) = -j**3 - 7*j**2 + 294*j + 5. Calculate u(14).
5
Let h(m) = -m**2 + 76*m - 1162. Give h(21).
-7
Let t(h) = -h**3 + 136*h**2 + 704*h + 296. Give t(141).
155
Let y(s) = 8*s**2 - 190*s + 17. What is y(24)?
65
Let l(q) = -7*q**2 + 253*q - 20. Calculate l(35).
260
Let x(k) = 39*k - 54. Calculate x(4).
102
Let a(d) = 163*d + 21. Calculate a(-1).
-142
Let o(s) = 74*s**2 + 749*s + 88. Give o(-10).
-2
Let d(t) = 202*t + 2199. What is d(-10)?
179
Let p(q) = -30*q - 516. What is p(-17)?
-6
Let w(p) = 6*p**2 - 15*p - 271. Determine w(9).
80
Let c(x) = 126*x + 526. Give c(-4).
22
Let l(n) = 10*n**3 - 682*n**2 + 132*n + 293. Give l(68).
21
Let i(m) = 95*m**3 + 2*m**2 - 3*m + 1. Determine i(1).
95
Let k(w) = -6*w**2 + 120*w - 47. What is k(20)?
-47
Let x(h) = -645*h + 3224. Give x(5).
-1
Let z(x) = -53*x + 236. Calculate z(6).
-82
Let v(x) = x**3 - 28*x**2 + 86*x - 904. Give v(26).
-20
Let x(p) = 2*p**3 + 21*p**2 + 35*p - 4. Determine x(-2).
-6
Let l(j) = -j**2 - 46*j - 95. Determine l(-44).
-7
Let k(u) = u**3 - 14*u**2 + 20*u + 32. Calculate k(12).
-16
Let k(m) = 22*m + 27. Calculate k(-2).
-17
Let q(s) = -2078*s - 22852. Calculate q(-11).
6
Let h(m) = 80*m**2 + 169*m + 14. Calculate h(-2).
-4
Let n(u) = u**2 + 31*u + 441. Calculate n(-21).
231
Let b(u) = -2*u**3 - 11*u**2 - 24*u - 167. Calculate b(-6).
13
Let i(k) = k**3 - 60*k**2 - 153*k - 6605. What is i(64)?
-13
Let d(v) = -v**2 - 47*v - 304. What is d(-8)?
8
Let o(x) = x**3 - 20*x**2 + 52*x + 513. Calculate o(13).
6
Let o(t) = 16*t**2 - 22*t + 10. What is o(1)?
4
Let l(p) = -2*p**3 - 36*p**2 + 4*p + 71. Give l(-18).
-1
Let l(y) = -2*y**2 + 773*y - 46011. Calculate l(313).
0
Let w(t) = -73*t + 27. Determine w(4).
-265
Let k(x) = 607*x - 4259. Give k(7).
-10
Let l(j) = j**3 - 4*j**2 + 104*j - 670. Determine l(6).
26
Let l(b) = 101*b - 2543. Calculate l(25).
-18
Let m(v) = 107*v - 58. Calculate m(1).
49
Let k(w) = -599*w + 2988. What is k(5)?
-7
Let n(k) = -2*k**2 - 572*k + 101667. Determine n(-410).
-13
Let c(d) = -d**3 - 36*d**2 - 19*d + 514. Calculate c(-35).
-46
Let h(a) = -2*a**3 - 119*a**2 - 291*a - 328. Calculate h(-57).
14
Let y(z) = -z**2 + 263*z - 12103. Give y(60).
77
Let m(f) = 36*f + 1303. Calculate m(-37).
-29
Let r(s) = -5*s**3 - 134*s**2 + 24*s - 67. What is r(-27)?
14
Let x(r) = -r**3 - 90*r**2 - 264*r - 316. Calculate x(-87).
-55
Let c(z) = z**3 - 20*z**2 - 152*z - 99. What is c(26)?
5
Let m(k) = -k**2 - 401*k + 4534. Calculate m(11).
2
Let k(s) = 2*s**3 - 228*s**2 - 471*s - 24. What is k(-2)?
-10
Let o(q) = -147*q - 1485. Determine o(-10).
-15
Let k(u) = 8*u**2 - 66*u - 21. Calculate k(9).
33
Let k(q) = q**2 - 2*q + 39. Determine k(10).
119
Let x(b) = -78*b + 804. Give x(9).
102
Let o(x) = 48*x + 136. Calculate o(-6).
-152
Let l(w) = -2*w - 11. Determine l(-1).
-9
Let x(u) = -2*u**3 - 10*u**2 - 3*u + 5. What is x(0)?
5
Let n(o) = -o**3 - 8*o**2 - 22*o - 24. Give n(-5).
11
Let o(g) = -2*g**2 + 99*g - 19. Determine o(49).
30
Let s(v) = -v**2 + v - 1. Give s(-2).
-7
Let s(b) = -370*b + 751. Calculate s(2).
11
Let t(d) = -13*d + 95. What is t(9)?
-22
Let u(l) = l**2 - 16*l - 1211. Calculate u(44).
21
Let q(n) = -n**2 - 18*n + 267. Give q(-23).
152
Let i(a) = a**3 + 30*a**2 - 489*a - 11. What is i(11)?
-429
Let r(t) = -4*t**2 - 81*t + 147. Determine r(-22).
-7
Let a(y) = -3*y**3 + 9*y**2 - 22*y + 22. Calculate a(8).
-1114
Let n(x) = 2*x**2 - 29*x - 1. Determine n(-4).
147
Let p(n) = n**3 - 7*n**2 - 997*n + 6941. Give p(7).
-38
Let v(x) = 514*x + 41632. Calculate v(-81).
-2
Let s(f) = 2*f**3 + 118*f**2 - 115*f + 311. What is s(-60)?
11
Let i(g) = 4*g**3 + 2*g**2 - 23*g + 12. Determine i(-3).
-9
Let o(m) = m**3 - 31*m**2 + 3*m - 86. Calculate o(31).
7
Let a(y) = -y**3 - 53*y**2 - 51*y + 37. What is a(-52)?
-15
Let g(r) = -r**3 - 13*r**2 + 6*r - 55. Determine g(-14).
57
Let o(w) = -w**3 - 7*w**2 + 252*w + 580. Give o(14).
-8
Let o(r) = -r**3 - 65*r**2 + 78*r + 425. Determine o(-66).
-367
Let q(r) = r**2 - 21*r - 16. What is q(21)?
-16
Let y(i) = -39*i - 372. What is y(-13)?
135
Let l(t) = 302*t**2 - 206*t - 4. Calculate l(1).
92
Let k(n) = 370*n + 145. Calculate k(1).
515
Let t(l) = 2*l**2 - 196*l + 76. Calculate t(98).
76
Let m(n) = n**2 - 518*n - 19356. Determine m(-35).
-1
Let v(l) = -l**3 - 23*l**2 - 16*l + 517. Give v(-21).
-29
Let h(a) = 4*a**3 - 872*a**2 - 10*a + 2178. Give h(218).
-2
Let t(h) = -181*h + 8110. Give t(45).
-35
Let k(p) = -p**3 - 4*p**2 - 21*p + 61. Give k(3).
-65
Let n(p) = -1300*p + 32510. Calculate n(25).
10
Let s(l) = l**2 + 9*l + 128. What is s(0)?
128
Let c(s) = -378*s - 10579. Calculate c(-28).
5
Let i(u) = -194*u + 806. Give i(0).
806
Let t(y) = 30*y**3 - 21*y**2 + 2*y. Give t(1).
11
Let b(w) = w**2 + 15*w - 6. Determine b(-13).
-32
Let i(k) = 298*k - 3273. Give i(11).
5
Let i(z) = 68*z - 434. Give i(6).
-26
Let x(l) = -2*l**2 - 1169*l + 2349. Calculate x(2).
3
Let j(h) = -157*h**2 - 1723*h + 42. Give j(-11).
-2
Let a(s) = -s**3 + 25*s**2 - 136*s + 1. Calculate a(8).
1
Let d(v) = v**3 + 122*v**2 + 11*v + 1331. Calculate d(-122).
-11
Let a(d) = 2*d**3 - 30*d**2 - 79*d + 1494. Determine a(14).
-4
Let a(p) = -p - 71. Determine a(-96).
25
Let r(j) = j**3 - 245*j**2 - 5582*j - 1067. What is r(266)?
-3
Let o(r) = 27*r + 1145. Give o(-42).
11
Let f(k) = -2*k**2 + 26*k + 7. What is f(0)?
7
Let l(r) = 2*r**2 + 53*r - 81. Determine l(-28).
3
Let i(p) = -2*p**2 + 112*p + 10. What is i(57)?
-104
Let f(j) = -j**3 + 68*j**2 - 251*j - 340. Calculate f(64).
-20
Let y(s) = -4*s**3 - 87*s**2 - 303*s - 5048. What is y(-21)?
-8
Let f(q) = -36*q**2 + 11369*q + 2214. Determine f(316).
2
Let n(y) = y**3 + 35*y**2 - 159*y - 36. Give n(-39).
81
Let j(i) = -7301*i + 29207. What is j(4)?
3
Let j(p) = 2*p**2 + 45*p - 652. Determine j(10).
-2
Let n(t) = 1399*t - 8406. Calculate n(6).
-12
Let z(v) = 3*v**3 + 22*v**2 - 25*v - 73. What is z(-8)?
-1
Let o(w) = 68*w - 887. Calculate o(14).
65
Let y(d) = 6*d**2 + 5*d + 7. Determine y(-5).
132
Let k(f) = 26*f**3 - 3*f**2 + 2*f + 9. 